s of 1302?
2, 3, 7, 31
What are the prime factors of 37295?
5, 7459
List the prime factors of 105837.
3, 35279
What are the prime factors of 843?
3, 281
List the prime factors of 2028.
2, 3, 13
What are the prime factors of 1355?
5, 271
List the prime factors of 992.
2, 31
What are the prime factors of 8871?
3, 2957
List the prime factors of 1313.
13, 101
What are the prime factors of 5522?
2, 11, 251
What are the prime factors of 5892?
2, 3, 491
List the prime factors of 10093.
10093
What are the prime factors of 51268?
2, 7, 1831
What are the prime factors of 1760?
2, 5, 11
What are the prime factors of 5203?
11, 43
List the prime factors of 4080.
2, 3, 5, 17
What are the prime factors of 3566?
2, 1783
What are the prime factors of 3061?
3061
List the prime factors of 651.
3, 7, 31
What are the prime factors of 2387?
7, 11, 31
What are the prime factors of 2147?
19, 113
What are the prime factors of 7056?
2, 3, 7
What are the prime factors of 75449?
11, 19
What are the prime factors of 11277?
3, 7, 179
What are the prime factors of 11642?
2, 5821
List the prime factors of 3837.
3, 1279
List the prime factors of 340.
2, 5, 17
List the prime factors of 9057.
3, 3019
What are the prime factors of 17753?
41, 433
What are the prime factors of 1087?
1087
List the prime factors of 1547.
7, 13, 17
What are the prime factors of 1746?
2, 3, 97
List the prime factors of 6681.
3, 17, 131
List the prime factors of 13721.
13721
List the prime factors of 92142.
2, 3, 5119
What are the prime factors of 23000?
2, 5, 23
List the prime factors of 11854.
2, 5927
What are the prime factors of 5220?
2, 3, 5, 29
List the prime factors of 988.
2, 13, 19
List the prime factors of 20408.
2, 2551
List the prime factors of 18914.
2, 7, 193
List the prime factors of 8765.
5, 1753
List the prime factors of 3220.
2, 5, 7, 23
What are the prime factors of 1607?
1607
List the prime factors of 4497.
3, 1499
List the prime factors of 54285.
3, 5, 7, 11, 47
What are the prime factors of 901?
17, 53
What are the prime factors of 10295?
5, 29, 71
What are the prime factors of 1788?
2, 3, 149
What are the prime factors of 1686?
2, 3, 281
List the prime factors of 41480.
2, 5, 17, 61
What are the prime factors of 20225?
5, 809
List the prime factors of 452.
2, 113
List the prime factors of 12426.
2, 3, 19, 109
What are the prime factors of 6241?
79
What are the prime factors of 63786?
2, 3, 10631
What are the prime factors of 749?
7, 107
What are the prime factors of 888?
2, 3, 37
What are the prime factors of 6153?
3, 7, 293
What are the prime factors of 2455?
5, 491
What are the prime factors of 2342?
2, 1171
List the prime factors of 2235.
3, 5, 149
What are the prime factors of 43115?
5, 8623
What are the prime factors of 3566?
2, 1783
What are the prime factors of 2180?
2, 5, 109
List the prime factors of 3002.
2, 19, 79
List the prime factors of 981.
3, 109
What are the prime factors of 7378?
2, 7, 17, 31
List the prime factors of 2652.
2, 3, 13, 17
What are the prime factors of 3286?
2, 31, 53
What are the prime factors of 1613?
1613
List the prime factors of 2851.
2851
What are the prime factors of 3957?
3, 1319
List the prime factors of 1622.
2, 811
What are the prime factors of 13082?
2, 31, 211
List the prime factors of 1844.
2, 461
What are the prime factors of 11370?
2, 3, 5, 379
What are the prime factors of 20106?
2, 3, 1117
List the prime factors of 18854.
2, 11, 857
List the prime factors of 827.
827
What are the prime factors of 1018?
2, 509
List the prime factors of 23493.
3, 41, 191
List the prime factors of 2111.
2111
List the prime factors of 511.
7, 73
List the prime factors of 684.
2, 3, 19
List the prime factors of 5887.
7, 29
What are the prime factors of 14188?
2, 3547
What are the prime factors of 81038?
2, 40519
List the prime factors of 142453.
142453
List the prime factors of 12619.
12619
What are the prime factors of 27483?
3, 9161
What are the prime factors of 2835?
3, 5, 7
What are the prime factors of 23957?
23957
What are the prime factors of 962?
2, 13, 37
List the prime factors of 44783.
19, 2357
What are the prime factors of 11341?
11, 1031
What are the prime factors of 3039?
3, 1013
What are the prime factors of 63226?
2, 101, 313
What are the prime factors of 180?
2, 3, 5
List the prime factors of 2368.
2, 37
List the prime factors of 54795.
3, 5, 13, 281
What are the prime factors of 50?
2, 5
List the prime factors of 26459.
26459
What are the prime factors of 3136?
2, 7
List the prime factors of 108052.
2, 7, 17, 227
List the prime factors of 31914.
2, 3, 197
List the prime factors of 55124.
2, 13781
What are the prime factors of 124?
2, 31
List the prime factors of 81184.
2, 43, 59
What are the prime factors of 9069?
3, 3023
What are the prime factors of 44185?
5, 8837
What are the prime factors of 16510?
2, 5, 13, 127
What are the prime factors of 54424?
2, 6803
What are the prime factors of 172119?
3, 57373
List the prime factors of 5845.
5, 7, 167
List the prime factors of 4962.
2, 3, 827
List the prime factors of 7145.
5, 1429
What are the prime factors of 2818?
2, 1409
List the prime factors of 11387.
59, 193
What are the prime factors of 871?
13, 67
What are the prime factors of 1963?
13, 151
What are the prime factors of 4658?
2, 17, 137
What are the prime factors of 7229?
7229
What are the prime factors of 1132?
2, 283
What are the prime factors of 19488?
2, 3, 7, 29
What are the prime factors of 3645?
3, 5
What are the prime factors of 4149?
3, 461
What are the prime factors of 3669?
3, 1223
List the prime factors of 608.
2, 19
List the prime factors of 2162.
2, 23, 47
What are the prime factors of 34842?
2, 3, 5807
What are the prime factors of 5615?
5, 1123
What are the prime factors of 706?
2, 353
List the prime factors of 36168.
2, 3, 11, 137
List the prime factors of 4653.
3, 11, 47
What are the prime factors of 126506?
2, 43, 1471
What are the prime factors of 17252?
2, 19, 227
What are the prime factors of 22006?
2, 11003
What are the prime factors of 762?
2, 3, 127
What are the prime factors of 4053?
3, 7, 193
What are the prime factors of 276?
2, 3, 23
What are the prime factors of 3226?
2, 1613
What are the prime factors of 3551?
53, 67
List the prime factors of 4679.
4679
List the prime factors of 2549.
2549
What are the prime factors of 9885?
3, 5, 659
What are the prime factors of 18321?
3, 31, 197
What are the prime factors of 21908?
2, 5477
What are the prime factors of 1052?
2, 263
What are the prime factors of 43078?
2, 7, 17, 181
What are the prime factors of 212?
2, 53
List the prime factors of 13793.
13, 1061
What are the prime factors of 961?
31
What are the prime factors of 23131?
23131
What are the prime factors of 153976?
2, 19, 1013
What are the prime factors of 28152?
2, 3, 17, 23
What are the prime factors of 3151?
23, 137
List the prime factors of 10616.
2, 1327
List the prime factors of 7093.
41, 173
What are the prime factors of 8118?
2, 3, 11, 41
What are the prime factors of 91247?
13, 7019
List the prime factors of 4963.
7, 709
List the prime factors of 1154.
2, 577
List the prime factors of 366.
2, 3, 61
What are the prime factors of 11050?
2, 5, 13, 17
What are the prime factors of 1453?
1453
List the prime factors of 7528.
2, 941
List the prime factors of 1429.
1429
List the prime factors of 848.
2, 53
What are the prime factors of 1557?
3, 173
List the prime factors of 3943.
3943
What are the prime factors of 268?
2, 67
What are the prime factors of 17426?
2, 8713
What are the prime factors of 11692?
2, 37, 79
What are the prime factors of 20698?
2, 79, 131
List the prime factors of 2602.
2, 1301
List the prime factors of 1016.
2, 127
What are the prime factors of 39975?
3, 5, 13, 41
What are the prime factors of 34767?
3, 3863
What are the prime factors of 20289?
3, 6763
What are the prime factors of 3466?
2, 1733
List the prime factors of 12961.
13, 997
List the prime factors of 3704.
2, 463
List the prime factors of 9007.
9007
List the prime factors of 826.
2, 7, 59
What are the prime factors of 723?
3, 241
List the prime factors of 2524.
2, 631
What are the prime factors of 32916?
2, 3, 13, 211
What are the prime factors of 1103?
1103
List the prime factors of 14989.
13, 1153
What ar